13?
-1a995
-226 (base 15) to base 3
-200000
Convert 527 (base 16) to base 5.
20234
Convert -113150 (base 6) to base 14.
-37d0
What is 89 (base 14) in base 3?
11111
What is -13055 (base 6) in base 16?
-7bb
210001 (base 3) to base 10
568
Convert 22011 (base 4) to base 13.
3a8
Convert -541 (base 7) to base 2.
-100010010
What is -11102 (base 8) in base 5?
-122144
842 (base 10) to base 5
11332
What is 10b60 (base 13) in base 9?
45746
1100001001110111 (base 2) to base 12
24987
What is 301 (base 5) in base 3?
2211
What is 11110110 (base 2) in base 8?
366
Convert 1877 (base 9) to base 7.
4135
141 (base 8) to base 9
117
-7a17 (base 12) to base 6
-142431
What is -1636 (base 15) in base 3?
-20112220
What is -39a6 (base 11) in base 3?
-21010112
Convert -cd8 (base 15) to base 2.
-101101010111
Convert -214313 (base 6) to base 9.
-26410
106370 (base 8) to base 14
d21a
What is -1241 (base 12) in base 14?
-a77
Convert 142113 (base 5) to base 14.
2220
What is -110000100 (base 2) in base 7?
-1063
-5121 (base 7) to base 13
-a6b
What is -501 (base 12) in base 7?
-2050
Convert 103112033 (base 4) to base 11.
545a3
Convert 1034 (base 6) to base 9.
284
What is 10011000000 (base 2) in base 6?
5344
What is 1253 (base 12) in base 2?
100000011111
Convert 101112 (base 4) to base 2.
10001010110
What is 31a (base 14) in base 2?
1001100100
What is -5130 (base 15) in base 9?
-25460
Convert -62a1 (base 13) to base 2.
-11010101010011
What is -50431 (base 6) in base 3?
-100010001
-1719 (base 16) to base 9
-8100
What is -9367 (base 14) in base 3?
-1021210211
Convert -1a8 (base 13) to base 8.
-463
-3682 (base 9) to base 14
-1003
-3872 (base 10) to base 12
-22a8
What is -1624 (base 7) in base 6?
-3011
What is -10111 (base 4) in base 10?
-277
Convert -32 (base 16) to base 11.
-46
What is -13294 (base 10) in base 11?
-9a96
What is 1011211 (base 3) in base 6?
3551
Convert -1211200 (base 3) to base 2.
-10100111101
1103132 (base 4) to base 16
14de
What is -1121 (base 3) in base 10?
-43
Convert 1a (base 16) to base 13.
20
-54934 (base 10) to base 15
-11424
120120 (base 4) to base 7
4356
-92 (base 13) to base 14
-87
Convert -1001 (base 7) to base 9.
-422
What is 2120001 (base 4) in base 5?
302404
Convert 787a (base 16) to base 13.
11066
Convert -1dbc (base 16) to base 9.
-11387
What is 2720 (base 8) in base 4?
113100
Convert 5649 (base 14) to base 7.
61422
Convert 1111000100 (base 2) to base 7.
2545
Convert -11011010110 (base 2) to base 12.
-101a
Convert 31451 (base 11) to base 2.
1011001011100010
Convert 2542 (base 14) to base 13.
2c80
What is -2333212 (base 5) in base 11?
-2a28a
Convert -2002000 (base 3) to base 11.
-1155
What is -2b9 (base 12) in base 15?
-1d9
Convert -342114 (base 6) to base 5.
-1411430
What is 169 (base 13) in base 3?
100111
What is 100111001 (base 2) in base 10?
313
What is -18453 (base 12) in base 8?
-104577
Convert -304454 (base 6) to base 12.
-1212a
What is -533 (base 13) in base 16?
-377
-2776 (base 15) to base 10
-8436
What is 765 (base 13) in base 14?
666
Convert 5a0 (base 16) to base 11.
109a
-3b4 (base 12) to base 10
-568
What is -61100 (base 7) in base 16?
-39ce
26563 (base 8) to base 10
11635
878 (base 16) to base 3
2222022
-633 (base 16) to base 6
-11203
-214222 (base 5) to base 12
-4379
Convert -10123101 (base 4) to base 5.
-1040004
-132120 (base 4) to base 12
-1160
What is 230 (base 15) in base 9?
610
-111220 (base 3) to base 8
-567
-44241 (base 6) to base 2
-1100000000001
-10310 (base 6) to base 14
-72a
Convert -86a2 (base 14) to base 6.
-255422
-1278 (base 11) to base 3
-2021102
Convert -152 (base 16) to base 15.
-178
What is -1532 (base 6) in base 12?
-2a8
What is 378 (base 9) in base 14?
186
Convert 9db (base 14) to base 11.
151a
-252 (base 15) to base 12
-37b
What is 1030021 (base 4) in base 6?
34321
-1111110001010 (base 2) to base 15
-25d4
1101101001110 (base 2) to base 3
100120220
What is -1110000111110 (base 2) in base 13?
-33a2
Convert -143233 (base 6) to base 16.
-3585
302211 (base 5) to base 2
10010111010001
What is 31313 (base 9) in base 15?
61cc
What is 100011 (base 5) in base 14?
11d9
-32503 (base 6) to base 4
-1012113
What is -6ab (base 16) in base 4?
-122223
What is -2010424 (base 5) in base 3?
-1121212210
What is -10200100 (base 3) in base 15?
-bdc
-856 (base 9) to base 4
-22323
What is 3967 (base 12) in base 16?
199f
Convert 40233 (base 7) to base 4.
2113332
Convert -149c6 (base 13) to base 3.
-1222112122
Convert 11000000 (base 2) to base 9.
233
2419 (base 11) to base 8
6136
What is -4018 (base 15) in base 4?
-3103103
What is 10198 (base 12) in base 3?
1001210122
Convert 10ac8 (base 13) to base 2.
111011011001111
-178 (base 10) to base 3
-20121
d27 (base 15) to base 8
5622
Convert -212162 (base 7) to base 5.
-2134134
What is 1207 (base 13) in base 4?
213232
What is 5a8 (base 13) in base 15?
458
-46 (base 13) to base 10
-58
What is 34222 (base 5) in base 16?
985
What is -441 (base 12) in base 8?
-1161
Convert 322150 (base 7) to base 11.
39083
-4341 (base 5) to base 4
-21110
Convert 13420 (base 9) to base 2.
10001110000010
107522 (base 9) to base 2
1111110001000001
51820 (base 9) to base 6
422200
What is -524 (base 12) in base 6?
-3244
What is -1202 (base 12) in base 14?
-a42
What is 1d4 (base 16) in base 12?
330
What is 2e9e (base 15) in base 2?
10011101000001
Convert -94a (base 11) to base 8.
-2167
-45043 (base 6) to base 2
-1100010010011
Convert 3641 (base 7) to base 14.
6c8
-2322 (base 5) to base 15
-177
-5671 (base 10) to base 7
-22351
Convert 1894 (base 16) to base 14.
2416
What is 29b6 (base 12) in base 10?
4890
121020001 (base 3) to base 16
2e33
Convert -319 (base 10) to base 16.
-13f
-2317 (base 11) to base 13
-1501
Convert 14a (base 13) to base 8.
347
-1121102 (base 3) to base 10
-1172
-718 (base 15) to base 6
-11222
-1090 (base 10) to base 6
-5014
440e (base 16) to base 13
7c12
What is 280 (base 12) in base 13?
237
-21176 (base 8) to base 6
-104514
What is 401022 (base 5) in base 7?
51562
-14016 (base 9) to base 12
-55b0
441 (base 5) to base 9
144
What is 9345 (base 15) in base 8?
74613
Convert -3860 (base 9) to base 13.
-1413
-11211 (base 3) to base 12
-aa
What is -315 (base 7) in base 16?
-9f
Convert -101101000 (base 2) to base 5.
-2420
What is 10603 (base 9) in base 6?
52350
Convert -1703 (base 8) to base 6.
-4243
196 (base 11) to base 10
226
What is -6687 (base 15) in base 7?
-120226
What is -1320f (base 16) in base 14?
-207a7
What is 498 (base 10) in base 5?
3443
b98 (base 14) to base 15
a2a
What is -10234 (base 5) in base 11?
-581
Convert -3cb2 (base 15) to base 9.
-18735
592 (base 16) to base 10
1426
-1495 (base 16) to base 10
-5269
Convert -146 (base 16) to base 3.
-110002
What is 103004 (base 8) in base 9?
52050
What is -18a1 (base 12) in base 15?
-d51
Convert 14543 (base 6) to base 16.
93f
What is -3a1 (base 11) in base 13?
-2a6
3515 (base 8) to base 6
12353
What is -5a71 (base 12) in base 2?
-10011110110101
What is 1110110011 (base 2) in base 9?
1262
What is 68045 (base 9) in base 2?
1011000010110111
What is 100100110111 (base 2) in base 7?
6610
11001000000 (base 2) to base 10
1600
What is -22211 (base 3) in base 12?
-17a
Convert -15142 (base 6) to base 15.
-ac8
-3104 (base 5) to base 8
-624
What is -3251 (base 7) in base 11?
-968
Convert -14 (base 10) to base 6.
-22
Convert 4521 (base 9) to base 13.
169c
Convert 1442 (base 5) to base 8.
367
What is 190 (base 15) in base 4?
11220
What is -825b (base 13) in base 15?
-54e5
What is -4201 (base 7) in base 2?
-10110111111
What is -14604 (base 8) in base 10?
-6532
Convert 21001021 (base 3) to base 5.
131022
11121110 (base 3) to base 2
110100100000
What is 105142 (base 6) in base 16?
22d6
-59a2 (base 11) to base 4
-1322300
Convert 304 (base 8) to base 16.
c4
What is -88725 (base 9) in base 12?
-2a112
Convert 3570 (base 8) to base 4.
131320
Convert 552 (base 15) to base 7.
3335
-683 (base 14) to base 4
-110023
What is 9158 (base 13) in base 16?
4e2f
Convert -1000001011101 (base 2) to base 7.
-15133
What is -134cb (base 16) in base 8?
-232313
Convert -391 (base 10) to base 7.
-1066
Convert 10102111 (base 3) to base 5.
34442
What is 1124 (base 5) in base 3?
20002
-10101000001010 (base 2) to base 16
-2a0a
Convert 13222330 (base 4) to base 9.
47081
What is 14716 (base 10) i